he third derivative of -5*l**4/24 - l**3/6 - 903*l**2. Calculate w(u).
4
Let k = -29 + 32. Let y be (-4)/((-4)/k) - (-37)/1. Let z = y + -48. Let o(h) = h + 1. Calculate o(z).
-7
Let q be 20/(-30) - 10/3. Let h = -10 - q. Let r(j) = j - 3. Let f(y) = 8*y - 22. Let p(n) = -2*f(n) + 14*r(n). Give p(h).
14
Let y(j) = -3*j + 1133. Let l(z) = 10*z - 3682. Let v(s) = 4*l(s) + 13*y(s). Suppose 23 = 5*p - 22. Let f = p - 14. Calculate v(f).
-4
Let j(i) be the first derivative of -i**4/4 + i**3/3 - 2*i**2 - 7*i - 451. Determine j(-2).
13
Let m be (-4)/(3 + 1 + -3). Let d(r) = 5*r**2 - 13*r - 15. Let j(b) = 2*b**2 - 4*b - 5. Suppose 0 = 4*y + 8 + 24. Let q(w) = y*j(w) + 3*d(w). Determine q(m).
7
Let c(p) = -p**3 - 10*p**2 + 25*p + 35. Let q(z) = -4*z**2 - 37*z + 29. Let o be q(1). Determine c(o).
23
Suppose -5*b + 63 + 57 = 0. Suppose -6*s + 0*s = -b. Suppose -2*n + s*k = 34, 5*n + 5*k = 4*k - 41. Let t(v) = v**3 + 8*v**2 - 10*v - 11. What is t(n)?
-2
Let x(p) be the second derivative of p**7/840 + p**6/90 - p**5/30 + 14*p**3/3 + p + 2. Let i(h) be the second derivative of x(h). Give i(-4).
16
Let t = -233 - -240. Let z(u) = 3*u - 3*u - t + 2*u + 7 + 12. Calculate z(-4).
4
Let q(u) be the first derivative of -u**2/2 + 13*u - 1020. Let y(p) = p**3 - p**2 - 3*p - 1. Let b be y(3). Give q(b).
5
Let n(l) = l**3 + 10*l**2 - 22*l + 9. Let y(o) = -o**2 + 25*o + 72. Let j be y(-3). Calculate n(j).
-15
Let r(x) be the third derivative of -9*x**2 - 1/6*x**4 + 5 - 2/3*x**3 + 0*x. Let v = -10 - -7. Determine r(v).
8
Suppose -f = -3, s - f - 3*f + 10 = 0. Let h(u) = 131*u + 538. Let v be h(-4). Let n(g) = -v + 8 - g**s - 3*g - 6*g. Give n(-8).
2
Suppose -3*u + 3*o = -o - 91, -145 = -5*u + 5*o. Let x be ((-5)/(-25)*u)/((-15)/(-6)). Let p(n) = 3*n**2 + 3*n - 2. Calculate p(x).
16
Let i(q) be the second derivative of q**3/2 - 928*q. Let y = -21 + 23. What is i(y)?
6
Let i(c) = c - 4. Let r(d) = -d + 5. Let g(f) = -6*i(f) - 5*r(f). Let x(a) = 2*a**2 - 111*a + 868. Let q be x(46). Calculate g(q).
5
Let g = 75 + -75. Let q(j) = g*j + 3*j**2 - 9*j + 14 + 6*j**2 - 8*j**2. Let t be q(4). Let d(i) = i**3 + 6*i**2 + i + 8. Determine d(t).
2
Let a be ((-3)/(-4))/((-27)/30) - 5191/(-174). Let m(d) = 7*d - 198. Determine m(a).
5
Let w(a) be the third derivative of -a**6/60 - a**5/30 + a**4/12 + a**3/3 + a**2. Let l = 420 + -406. Let n be l/63 - 128/(-72). Give w(n).
-18
Let z(p) = -2 - 15*p + 3*p + 3*p + 8*p. Suppose -4*h + 2*h = 2*q - 2, h + 29 = 5*q. What is z(q)?
-7
Suppose 89 - 89 = -37*k. Let g(r) = -2*r**2 - 2*r + 3. Calculate g(k).
3
Let o(g) = -3*g**2 - g. Let k be 108/3 + (4 - 2). Let v = k + -34. Suppose z + v = -3*z. What is o(z)?
-2
Let c(f) = -f**3 - 6*f**2 - f + 1. Let i = -642 - -642. Suppose 35*s + 28 + 147 = i. What is c(s)?
-19
Let g(a) = 2*a**3 + 18*a**2 - 8*a + 14. Let f(c) = -c**3 - 9*c**2 + 7*c - 6. Let n(i) = 5*f(i) + 3*g(i). What is n(-8)?
-12
Let f = -17 - -43. Suppose 4*j - f = 14. Let d(l) = 5 + 10 - 3*l - j + 2*l. Calculate d(0).
5
Suppose -151 = 36*g + 1 - 44. Let s(q) = q**2. What is s(g)?
9
Let r(v) = v**2 + v. Let t(n) = -5*n**2 - n - 1. Let j(s) = -6*r(s) - t(s). Suppose -3*z = 9*y - 5*y + 26, -2*z = -4. Let q be 0*y/40 + -6. Give j(q).
-5
Suppose -24*i = -17*i - 1148. Let t = i + -157. Let j(n) be the third derivative of -n**5/60 + 3*n**4/8 - 7*n**3/6 + 2*n**2. Give j(t).
7
Let d(h) = h**3 + 5*h**2 - h - 6. Let y be 45/(-12)*(-1 - 3). Suppose -4*k = -k - m + 13, -3*k - y = -3*m. Let t(l) = 3*l + 7. Let b be t(k). Calculate d(b).
-1
Let w(n) = -n**3 - 18*n**2 + 18*n. Let v = 3529 + -3548. Determine w(v).
19
Let h(x) be the second derivative of x**4/12 + x**3 - 22*x**2 + 536*x. Calculate h(-10).
-4
Let z(y) = -2 - 122*y + 46*y + 69*y. Let f = -86 - -84. Determine z(f).
12
Let k(t) be the first derivative of -t**4/4 + 13*t**3/3 - t**2 - 6*t - 3527. Determine k(13).
-32
Let b = 138 - 143. Let f be (-8)/2*25/(-100) + b. Let l(i) = 2*i**2 + 4*i - 2. What is l(f)?
14
Let c(d) be the third derivative of -d**5/60 - 17*d**4/24 + 43*d**3/6 - 3*d**2 - 5*d. Let x(g) be the first derivative of c(g). Determine x(-6).
-5
Let h(i) = 3*i. Let t(j) = 40*j - 15. Let m(d) = -19*d + 7. Let g(v) = -9*m(v) - 4*t(v). Let w(s) = -g(s) + 3*h(s). Let y be (-1)/(-2) + 7/2. What is w(y)?
-5
Let y(m) = 1. Let f(l) = 2*l - 5. Let a(w) = f(w) - 6*y(w). Calculate a(-2).
-15
Suppose 99*t = 103*t - 8, -3*t + 21 = 3*z. Let a(s) be the third derivative of -1/60*s**z + 0*s - 3/2*s**3 + 12*s**2 - 1/3*s**4 + 0. What is a(-7)?
-2
Let g(i) = i**2 - 2*i - 3. Suppose 17*b = 4*b. Suppose 2*w + 3*k + 4 = b, 4*w = 17*k - 15*k + 24. Give g(w).
5
Let o(p) = 8*p + 10 - 34 + 7 + 8 - 13*p - 2*p**2. Give o(-2).
-7
Let d(w) = -17*w - 8. Let x(l) = 60*l + 30. Let t(f) = -50*d(f) - 14*x(f). Calculate t(2).
0
Let f(t) = -2*t + 7. Let r be ((-45)/(-10))/((-3)/(-14)). Suppose r = -11*i + 8*i. Let o be (-2 - i - 4)/((-1)/(-6)). What is f(o)?
-5
Let f be 3/(-2) + (-6)/12. Suppose 83 = 13*o - 1087. Let x(j) = 36*j - o*j - 1 + 53*j. Calculate x(f).
1
Let n(l) = 5 - 4*l + 2*l - 3. Let x = 267 - 258. Suppose -k = 2*d - x, 0 = 3*k - 13*d + 16*d - 18. What is n(k)?
-4
Let v = -8939 - -8928. Let m(p) = -p**2 - 8*p + 38. Give m(v).
5
Suppose -983 = -138*b - 2363. Let q(j) = -j**3 - 3*j**2 - 6*j**2 - 5 + 12*j - 4. Calculate q(b).
-29
Let s(n) = n**2 + 9*n + 1. Let l be s(-6). Let o = -11 - l. Let x(z) = 3*z**2 + 38*z - 43*z - 2*z**2 + 0*z. Determine x(o).
6
Suppose 0 = 8*i + 247 - 1623. Let k(p) = -i*p + 350*p - 2 - 176*p. Give k(4).
6
Let y(l) be the third derivative of 0 - 1/60*l**5 + 1/4*l**4 + 55*l**2 + 4/3*l**3 + 0*l. What is y(7)?
1
Let x(a) = 3*a. Let h(k) = -4*k - 3. Let n = 272 - 269. Let b(q) = n*x(q) + 2*h(q). Determine b(3).
-3
Let j(m) = -m**2 - m + 4. Let u be j(0). Let r(p) = -5*p**3 - 5*p**2 + 29*p - 17. Let s(f) = -f**3 + 4*f - 2. Let n(h) = -r(h) + 6*s(h). Give n(u).
1
Let r(c) be the first derivative of 2/3*c**3 - c + 98 + 1/2*c**4 + 0*c**2. What is r(1)?
3
Let f(o) be the first derivative of o**4/4 - 20*o**3/3 - o**2 + 34*o + 30. Let i be f(20). Let x(d) = d**2 + 5*d - 2. What is x(i)?
4
Let w(q) = -7*q - 61. Let d be w(-9). Let h(c) = c**d + 333 + 0*c**2 - 3*c + 2*c - 329. Calculate h(2).
6
Let r = -1998 + 2000. Let u = -7 + 13. Let b(x) = 5*x - 3. Let o(q) = -5*q + 3. Let y(i) = u*b(i) + 5*o(i). What is y(r)?
7
Let y(t) = -3*t**2 + 18*t + 29. Let h be ((-693)/(-132))/(3 - (-18)/(-8)). Determine y(h).
8
Let f(a) = -3*a**2 - 13*a - 28. Let v(u) = u**2 + 12*u - 3690. Let k be v(-67). Determine f(k).
-38
Let u(s) = s. Let y(o) = 21*o + 4 - 17*o + 1. Let x(r) = -6*u(r) + y(r). Let i be 1/(-1*2/(-8)). What is x(i)?
-3
Let m(r) = 4*r**2 - 4*r - 2. Suppose -5*b - 1 = 3*o, 158*o + b + 8 = 160*o. Give m(o).
22
Suppose 2*i = 4, 3*i + 2 = h + 4*i. Suppose h = -b - 2 + 3. Let t(o) = 3*o**3 - 3*o + 2. Let r be t(b). Let u(w) = -3*w**2. Give u(r).
-12
Let q(o) = -20*o + 6. Let g = -17111 - -17114. What is q(g)?
-54
Let b(i) = -i - 13. Let z(a) = -15*a - 7. Let h be z(8). Let n = h - -129. Suppose n*d - 9*d - 84 = 0. What is b(d)?
-1
Let d be ((-1)/(-4))/((-3)/(-12)). Let q(b) = -b**3 - d + 2*b**3 - 156*b + 157*b. Determine q(-2).
-11
Let m(c) = c**2 + 2*c + 5. Suppose w - 4*k = 20, -5*k - 29 - 38 = -3*w. Suppose 2 + 94 = -w*j. Give m(j).
13
Let l(t) = 2*t - 2 + 0*t - 3*t. Suppose -112*x + 109*x = s + 15, 4*s - 3*x - 30 = 0. Give l(s).
-5
Let w(y) be the first derivative of -y**4/2 + 11*y**3 + 5*y**2/2 - 12*y - 7. Let o(x) = x**3 - 17*x**2 - 3*x + 6. Let j(h) = 5*o(h) + 3*w(h). Determine j(14).
-6
Let r(x) = -40*x**2 + 1010*x - 77. Let u(o) = 3*o**2 - 75*o + 6. Let y(v) = -2*r(v) - 27*u(v). Let g be ((-10)/(-6))/((-2)/(-6)). What is y(g)?
-8
Let w(c) be the second derivative of c**5/20 - 5*c**4/6 - 5*c**3/3 - 13*c**2/2 - 276*c. Determine w(11).
-2
Let f(z) = 5*z**3 + 2*z**2 - 4*z - 3. Let b be f(-2). Let q be (60/b)/(-5)*(-135)/(-15). Let p(k) = 10*k + 4. Calculate p(q).
44
Let p be ((-35)/2)/5*(-28)/(-98). Let s(n) be the first derivative of -2*n**2 + n + 4. Calculate s(p).
5
Let q(p) = -p**3 + 5*p**2 + 8*p - 35. Let h be q(5). Let k(y) be the second derivative of -1/6*y**4 - y + 1/2*y**3 + 0*y**2 + 0 + 1/20*y**h. Calculate k(2).
6
Let o = 464 - 460. Let p(r) = -26*r**2 - 5*r**3 - 6 + 13*r**2 + o*r**3. G